{"id":20259,"date":"2024-09-27T12:53:53","date_gmt":"2024-09-27T10:53:53","guid":{"rendered":"https:\/\/uranolearning.com\/?post_type=product&#038;p=20259"},"modified":"2026-04-29T00:39:15","modified_gmt":"2026-04-28T22:39:15","slug":"curso-experto-en-opciones-financieras","status":"publish","type":"product","link":"https:\/\/uranolearning.com\/?product=curso-experto-en-opciones-financieras","title":{"rendered":"Curso Experto en Opciones Financieras"},"content":{"rendered":"<h5><strong>OBJETIVOS <\/strong><br \/>\nCrear los mejores profesionales del sector, din\u00e1micos, con un amplio conocimiento de las herramientas del mercado y capacidad de an\u00e1lisis.<\/h5>\n<h5><strong>\u00bfA QUI\u00c9N VA DIRIGIDO?<\/strong><\/h5>\n<ul>\n<li>Inversores particulares interesados en potenciar sus conocimientos sobre los mercados financieros de una manera pr\u00e1ctica a trav\u00e9s de profesionales del sector.<\/li>\n<li>Licenciados y graduados superiores con alto grado de inter\u00e9s profesional por las finanzas.<\/li>\n<li>Profesionales que desempe\u00f1an su trabajo en empresas de servicios de inversi\u00f3n (Gestoras, Agencias y<br \/>\nSociedades de Valores, Banca y EAFIS) Sociedades de Valores, Banca y EAFIS).<\/li>\n<\/ul>\n<h5><strong>TITULACI\u00d3N<\/strong><\/h5>\n<p><strong>Certificado Universidad Isabel I<\/strong><br \/>\nPara obtener el certificado de la Universidad Isabel I es necesario superar el programa y ponerte en contacto con: info@intefi.com. <em>(Tasas de examen no incluidas, certificado sujeto a los plazos de entrega de la Universidad)<\/em><\/p>\n<h5><strong>PROGRAMA<\/strong><\/h5>\n<p><strong>NIVEL 1 \u2013 INTRODUCCI\u00d3N Y CONCEPTOS<\/strong><\/p>\n<p><strong>Tema 1. Opciones financieras: nociones b\u00e1sicas<\/strong><\/p>\n<p>1. Introducci\u00f3n al mercado de derivados.<br \/>\n2. Concepto de Opci\u00f3n. Opciones call y put<br \/>\n3. \u00bfPor qu\u00e9 opciones? El ajedrez de los mercados.<br \/>\n4. Valoraci\u00f3n de una opci\u00f3n: La prima, strike y vencimiento<br \/>\n5. Opciones dentro, fuera y en el dinero<br \/>\n6. Opciones sobre acciones e \u00edndices<br \/>\n7. Opciones americanas y europeas<br \/>\n8. Ejercicio anticipado y a vencimiento<br \/>\n9. Un acercamiento a la tipolog\u00eda de estrategias y enfoques<br \/>\nde mercado posibles.<br \/>\n10. \u00bfPor qu\u00e9 income trading? Complemento al trading<br \/>\ndireccional.<br \/>\n11. Anexo Tema 1. Introducci\u00f3n al software OptionVue 8.<br \/>\n12. Anexo Tema 1. Como usar el backtesting de Option Vue 8.<\/p>\n<p><strong>Tema 2. El valor de una opci\u00f3n<\/strong><\/p>\n<p>1. \u00bfCu\u00e1nto vale realmente una opci\u00f3n?<br \/>\n2. Valor Intr\u00ednseco y Valor Temporal.<br \/>\n3. Factores que influyen en la prima de una opci\u00f3n.<\/p>\n<p><strong>Tema 3. Introducci\u00f3n a la volatilidad estad\u00edstica e impl\u00edcita.<\/strong><\/p>\n<p>1. Volatilidades: El combustible del trading con opciones.<br \/>\n2. An\u00e1lisis de volatilidades pasadas.<br \/>\n3. Concepto de Volatilidad Estad\u00edstica. Influencia en nuestra operativa.<br \/>\n4. Concepto de Volatilidad Impl\u00edcita: Influencia en nuestra operativa.<br \/>\n5. Anexo Tema 3. Skew y estructura temporal de volatilidad.<br \/>\n6. Anexo Tema 3. Apertura de posiciones en funci\u00f3n de la relaci\u00f3n de Volatilidad Estad\u00edstica vs<br \/>\n7. Volatilidad Impl\u00edcita.<br \/>\n8. Anexo Tema 3. Ejercicios pr\u00e1cticos de cambios de volatilidad en posiciones con opciones.<br \/>\n9. Tema 3. Las griegas<\/p>\n<p>&nbsp;<\/p>\n<p><strong>NIVEL 2 \u2013 ESTRATEGIAS B\u00c1SICAS<\/strong><\/p>\n<p><strong>Tema 4. Estrategias Sencillas<\/strong><\/p>\n<p>1. Compra y Venta de opciones de compra \u2013 calls.<br \/>\n2. Compra y Venta de opciones de venta \u2013 puts.<br \/>\n3. Diferencias operativas.<br \/>\n4. Ingreso de primas.<br \/>\n5. Concepto y funcionamiento de garant\u00edas.<br \/>\n6. Ventaja Opciones vs. Acciones.<br \/>\n7. An\u00e1lisis de beneficios y riesgos de las estrategias<br \/>\n8. Anexo Tema 4. El principio de simetr\u00eda o equilibrio de las opciones.<br \/>\n9. Anexo Tema 4. Como comprar y vender opciones en TWS.<\/p>\n<p><strong>Tema 5. El concepto de Ajuste. Gestionando nuestro riesgo<\/strong><\/p>\n<p>1. El trader de opciones como gestor de riesgos.<br \/>\n2. \u00bfQu\u00e9 es un ajuste en trading con opciones?<br \/>\n3. Ajustes ofensivos y ajustes defensivos.<br \/>\n4. \u00bfCu\u00e1ndo debemos ajustar una posici\u00f3n con opciones?<br \/>\n5. Anexo Tema 5. Ejemplos de ajustes en estrategias con opciones como forma de controlar el riesgo.<br \/>\n10. Sensibilidad en el valor de la prima<br \/>\n11. Definici\u00f3n de griegas: Delta<br \/>\n12. Definici\u00f3n de griegas: Gamma<br \/>\n13. Definici\u00f3n de griegas: Vega<br \/>\n14. Definici\u00f3n de griegas: Theta<br \/>\n15. Definici\u00f3n de griegas: Rho.<br \/>\n16. An\u00e1lisis de griegas en opciones ATM, ITM, OTM.<br \/>\n17. Griegas en funci\u00f3n del vencimiento de la opci\u00f3n.<br \/>\n18. Griegas en funci\u00f3n de la volatilidad.<br \/>\n19. Anexo Tema 3. Ejemplos de aperturas de posiciones<br \/>\nen funci\u00f3n a sus griegas.<br \/>\n20. Anexo Tema 3. Ejercicios Pr\u00e1cticos de cambios en Griegas<br \/>\nen Posiciones con Opciones.<br \/>\n21. Anexo Tema 3. Introducci\u00f3n al concepto de ajuste de estrategias.<\/p>\n<p><strong>Tema 6. Estrategias Simples de Cobertura<\/strong><\/p>\n<p>1. Calls cubiertas.<br \/>\n2. Puts cubiertas.<br \/>\n3. Concepto de Neteo de posiciones, griegas y garant\u00edas.<br \/>\n4. Cobertura de posiciones alcistas con acciones o futuros.<br \/>\n5. Cobertura de posiciones bajistas con acciones o futuros.<br \/>\n6. Anexo Tema 6. Ejemplos pr\u00e1cticos y an\u00e1lisis en<br \/>\nbacktesting de estrategias de cobertura.<\/p>\n<p><strong>Tema 7. Spreads Verticales o de Precio<\/strong><\/p>\n<p>1. Concepto de Spread Vertical.<br \/>\n2. Tipos de Spread Verticales.<br \/>\n3. Funcionamiento de un spread vertical. Fortalezas y debilidades.<br \/>\n4. Volatilidad y tiempo hasta vto en spreads verticales.<br \/>\n5. Anexo Tema 7. C\u00f3mo montar y negociar un spread vertical en TWS.<br \/>\n6. Anexo Tema 7. Algunas estrategias con spreads verticales.<\/p>\n<p><strong>Tema 8. Spreads Horizontales, de Tiempo o Calendars<\/strong><\/p>\n<p>1. Concepto de spread horizontal.<br \/>\n2. Tipos de spreads horizontales.<br \/>\n3. Funcionamiento de un spread horizontal. Fortalezas y debilidades.<br \/>\n4. Volatilidad y tiempo hasta vto en spreads horizontales.<br \/>\n5. \u00bfC\u00f3mo les afecta el skew de volatilidad?<br \/>\n6. Anexo Tema 8. C\u00f3mo montar y negociar un spread horizontal en TWS.<br \/>\n7. Anexo Tema 8. Backtesting con estrategias con spreads horizontales.<\/p>\n<p><strong>Tema 9. Spreads Diagonales<\/strong><\/p>\n<p>1. Concepto de spread diagonal.<br \/>\n2. Caracter\u00edsticas de spread diagonal. Griegas.<br \/>\n3. Tipos de spreads diagonales. Alcistas o bajistas.<br \/>\n4. Funcionamiento de un spread diagonal. Fortalezas y debilidades.<br \/>\n5. Volatilidad y tiempo hasta vto en spreads diagonales.<br \/>\n6. Anexo Tema 9. C\u00f3mo montar y negociar un spread diagonal en TWS.<br \/>\n7. Anexo Tema 9. Backtesting con estrategias con spreads diagonales.<\/p>\n<p><strong>Tema 10. Iron Condors<\/strong><\/p>\n<p>1. Concepto de Iron Condor.<br \/>\n2. Funcionamiento de un iron condor. Griegas.<br \/>\n3. Fortalezas y debilidades.<br \/>\n4. Volatilidad y tiempo hasta vto en Iron Condors.<br \/>\n5. Tipos de Iron Condors.<br \/>\n6. Anexo Tema 10. Ajustes para iron condors.<br \/>\n7. Anexo Tema 10. Estrategias con iron condors.<br \/>\n8. Anexo Tema 10. Backtesting de Estrategias con Iron Condors.<\/p>\n<p><strong>Tema 11. Cunas o Strangles. Conos o Straddles<\/strong><\/p>\n<p>1. Concepto de Cuna y Cono.<br \/>\n2. Cunas y Conos comprados y vendidos.<br \/>\n3. Griegas.<br \/>\n4. Fortalezas y debilidades.<br \/>\n5. Volatilidad y tiempo hasta vto en Conos y Cunas.<br \/>\n6. Anexo Tema 11. Estrategias de coberturas sobre Conos o Cunas.<br \/>\n7. Anexo Tema 11. Diferencias Operativas entre Iron Condors vs Cunas.<\/p>\n<p><strong>Tema 12. Mariposas o Butterflies<\/strong><\/p>\n<p>1. Concepto de Mariposa.<br \/>\n2. Tipos de Mariposas. Largo y corto Plazo. Alcistas o bajistas.<br \/>\n3. Funcionamiento de una Mariposa. Griegas.<br \/>\n4. Fortalezas y debilidades.<br \/>\n5. Volatilidad y tiempo hasta vto en Mariposas.<br \/>\n6. Anexo Tema 12. Estrategias basadas en mariposas.<br \/>\n7. Anexo Tema 12. Ajustes de protecci\u00f3n para mariposas.<br \/>\n8. Anexo Tema 12. Dobles Mariposas.<\/p>\n<p>&nbsp;<\/p>\n<p><strong>NIVEL III \u2013 ESTRATEGIAS AVANZADAS<\/strong><\/p>\n<p><strong>Tema 13. Posiciones Sint\u00e9ticas<\/strong><\/p>\n<p>1. La paridad put-call.<br \/>\n2. Futuros Sint\u00e9ticos.<br \/>\n3. Calls y Puts Sint\u00e9ticas.<br \/>\n4. Reservals.<br \/>\n5. Conversions.<br \/>\n6. Jelly Rolls.<br \/>\n7. Gesti\u00f3n de posiciones sint\u00e9ticas.<\/p>\n<p><strong>Tema 14. Back Spreads y Front Spreads<\/strong><\/p>\n<p>1. Concepto.<br \/>\n2. Tipos.<br \/>\n3. Escenarios y Ajustes.<br \/>\n4. Anexo Tema 14. An\u00e1lisis de Estrategias en Backtesting.<\/p>\n<p><strong>Tema 15. Gesti\u00f3n Avanzada de Griegas<\/strong><\/p>\n<p>1. An\u00e1lisis din\u00e1mico de sensibilidades<br \/>\n2. Selecci\u00f3n de estrategias en funci\u00f3n de las griegas<br \/>\n3. Estrategias complejas y sensibilidades<\/p>\n<p><strong>Tema 16. Coberturas en funci\u00f3n a griegas<\/strong><\/p>\n<p>1. Coberturas de delta<br \/>\n2. Cobertura de theta.<br \/>\n3. Cobertura vega<\/p>\n","protected":false},"excerpt":{"rendered":"<p>La Escuela de Negocios INTEFI es un centro de estudios superiores, adscrito a la Universidad Isabel I, adem\u00e1s es miembro de pleno derecho de la Asociaci\u00f3n Nacional de Escuelas de Negocios (AEBAN) y miembro de la European Union Private Higher Education (EUPHE).<br \/>INTEFI, cuenta con la colaboraci\u00f3n del Instituto Juan de Mariana y con el Patrocinio de Mapfre Gesti\u00f3n Patrimonial, gran impulsor de la puesta en marcha de nuestros programas de especializaci\u00f3n en finanzas y mercados financieros.<\/p>\n","protected":false},"featured_media":20260,"comment_status":"open","ping_status":"closed","template":"","meta":[],"product_brand":[],"product_cat":[338],"product_tag":[],"class_list":{"0":"post-20259","1":"product","2":"type-product","3":"status-publish","4":"has-post-thumbnail","6":"product_cat-inversion-y-finanzas","8":"first","9":"instock","10":"taxable","11":"shipping-taxable","12":"product-type-external"},"jetpack_sharing_enabled":true,"_links":{"self":[{"href":"https:\/\/uranolearning.com\/index.php?rest_route=\/wp\/v2\/product\/20259","targetHints":{"allow":["GET"]}}],"collection":[{"href":"https:\/\/uranolearning.com\/index.php?rest_route=\/wp\/v2\/product"}],"about":[{"href":"https:\/\/uranolearning.com\/index.php?rest_route=\/wp\/v2\/types\/product"}],"replies":[{"embeddable":true,"href":"https:\/\/uranolearning.com\/index.php?rest_route=%2Fwp%2Fv2%2Fcomments&post=20259"}],"wp:featuredmedia":[{"embeddable":true,"href":"https:\/\/uranolearning.com\/index.php?rest_route=\/wp\/v2\/media\/20260"}],"wp:attachment":[{"href":"https:\/\/uranolearning.com\/index.php?rest_route=%2Fwp%2Fv2%2Fmedia&parent=20259"}],"wp:term":[{"taxonomy":"product_brand","embeddable":true,"href":"https:\/\/uranolearning.com\/index.php?rest_route=%2Fwp%2Fv2%2Fproduct_brand&post=20259"},{"taxonomy":"product_cat","embeddable":true,"href":"https:\/\/uranolearning.com\/index.php?rest_route=%2Fwp%2Fv2%2Fproduct_cat&post=20259"},{"taxonomy":"product_tag","embeddable":true,"href":"https:\/\/uranolearning.com\/index.php?rest_route=%2Fwp%2Fv2%2Fproduct_tag&post=20259"}],"curies":[{"name":"wp","href":"https:\/\/api.w.org\/{rel}","templated":true}]}}