{"id":20194,"date":"1970-01-01T00:00:00","date_gmt":"1969-12-31T23:00:00","guid":{"rendered":"https:\/\/uranolearning.com\/producto\/como-evitar-a-los-vampiros-energeticos-curso\/"},"modified":"2025-08-09T11:04:26","modified_gmt":"2025-08-09T09:04:26","slug":"como-evitar-a-los-vampiros-energeticos-curso","status":"publish","type":"product","link":"https:\/\/uranolearning.com\/?product=como-evitar-a-los-vampiros-energeticos-curso","title":{"rendered":"C\u00f3mo evitar a los vampiros energ\u00e9ticos"},"content":{"rendered":"<p>\u00bf Alguien en tu vida te hace sentir vac\u00eda, enferma y cansada, ote deja sinti\u00e9ndote agotada f\u00edsica y emocionalmente?<\/p>\n<p>\u00bfTe han dicho que eres demasiado sensible? \u00bfTienes la persistente sensaci\u00f3n de que algo anda muy mal en tu relaci\u00f3n, pero parece que no puedes identificarlo?<\/p>\n<p>Si has respondido &#8220;s\u00ed&#8221; a estas preguntas, es probable que est\u00e9s en una relaci\u00f3n con un vampiro energ\u00e9tico, una de las causas de enfermedad que m\u00e1s se pasa por alto en el mundo actual.<\/p>\n<p>En este curso, la reconocida doctora en medicina y autora de best sellers del New York Times, Christiane Northrup, aborda este tema omnipresente de frente, y te muestra c\u00f3mo recuperar tu poder, tu salud y tu vida de ser devastados por narcisistas, psic\u00f3patas, soci\u00f3patas y otros.<\/p>\n","protected":false},"excerpt":{"rendered":"<p>\u00bf Alguien en tu vida te hace sentir vac\u00eda, enferma y cansada, ote deja sinti\u00e9ndote agotada f\u00edsica y emocionalmente? \u00bfTe han dicho que eres demasiado sensible? \u00bfTienes la persistente sensaci\u00f3n&hellip;<\/p>\n","protected":false},"featured_media":20195,"comment_status":"open","ping_status":"closed","template":"","meta":[],"product_brand":[],"product_cat":[328,333,332,322],"product_tag":[],"class_list":{"0":"post-20194","1":"product","2":"type-product","3":"status-publish","4":"has-post-thumbnail","6":"product_cat-desarrollo-personal","7":"product_cat-practicos","8":"product_cat-salud-y-nutricion","9":"product_cat-videocurso","11":"first","12":"instock","13":"taxable","14":"shipping-taxable","15":"purchasable","16":"product-type-simple"},"jetpack_sharing_enabled":true,"_links":{"self":[{"href":"https:\/\/uranolearning.com\/index.php?rest_route=\/wp\/v2\/product\/20194","targetHints":{"allow":["GET"]}}],"collection":[{"href":"https:\/\/uranolearning.com\/index.php?rest_route=\/wp\/v2\/product"}],"about":[{"href":"https:\/\/uranolearning.com\/index.php?rest_route=\/wp\/v2\/types\/product"}],"replies":[{"embeddable":true,"href":"https:\/\/uranolearning.com\/index.php?rest_route=%2Fwp%2Fv2%2Fcomments&post=20194"}],"wp:featuredmedia":[{"embeddable":true,"href":"https:\/\/uranolearning.com\/index.php?rest_route=\/wp\/v2\/media\/20195"}],"wp:attachment":[{"href":"https:\/\/uranolearning.com\/index.php?rest_route=%2Fwp%2Fv2%2Fmedia&parent=20194"}],"wp:term":[{"taxonomy":"product_brand","embeddable":true,"href":"https:\/\/uranolearning.com\/index.php?rest_route=%2Fwp%2Fv2%2Fproduct_brand&post=20194"},{"taxonomy":"product_cat","embeddable":true,"href":"https:\/\/uranolearning.com\/index.php?rest_route=%2Fwp%2Fv2%2Fproduct_cat&post=20194"},{"taxonomy":"product_tag","embeddable":true,"href":"https:\/\/uranolearning.com\/index.php?rest_route=%2Fwp%2Fv2%2Fproduct_tag&post=20194"}],"curies":[{"name":"wp","href":"https:\/\/api.w.org\/{rel}","templated":true}]}}