{"id":20176,"date":"1970-01-01T00:00:00","date_gmt":"1969-12-31T23:00:00","guid":{"rendered":"https:\/\/uranolearning.com\/producto\/destinados-para-prosperar\/"},"modified":"2025-07-10T11:30:30","modified_gmt":"2025-07-10T09:30:30","slug":"destinados-para-prosperar","status":"publish","type":"product","link":"https:\/\/uranolearning.com\/?product=destinados-para-prosperar","title":{"rendered":"\u00a1Dise\u00f1ados para prosperar! Seis verdades para vivir una vida extraordinaria"},"content":{"rendered":"<p>Gregg cree que cuanto mejor te conoces a ti mismo, mejor te vuelves a la hora de afrontar cualquier cosa que acontezca en tu vida. Por lo tanto, para entender tu verdadero poder para crecer, primero tienes que entender qui\u00e9n eres en relaci\u00f3n con tu cuerpo, tu pasado y tu naturaleza, porque esto afecta a todas las decisiones que tomas. <\/p>\n<p>La forma en la que resuelves tus problemas est\u00e1 directamente relacionada con la forma en que te ves a ti mismo y a tu lugar en el mundo. Por ejemplo, si crees que la violencia es parte integrante del ser humano, disculpar\u00e1s la crueldad y optar\u00e1s por la guerra antes que la paz. Pero como explica Gregg, hemos sido inducidos al error por nuestra creencia de facto en la ciencia pura, vac\u00eda de espiritualidad, y hemos estado viviendo bajo reglas que proceden de una visi\u00f3n incompleta del mundo.<\/p>\n<p>Al combinar algunas de las investigaciones m\u00e1s actuales con sus propias experiencias con chamanes y sabios que viven bajo unas reglas diferentes, Gregg te muestra una visi\u00f3n alternativa \u2013 y mucho m\u00e1s fortalecedora \u2013 acerca de c\u00f3mo funciona el mundo. Despu\u00e9s, lleva estos conceptos de lo macro a lo micro, ense\u00f1\u00e1ndote c\u00f3mo se aplican a tu propia vida. Con ejercicios poderosos y ejemplos entretenidos te gu\u00eda en un viaje hacia una mayor resiliencia en el que, en lugar de trabajar para armarte de valor a fin de enfrentarte a cualquier problema potencial, puedes simplemente dirigirte a convertirte en el ser humano m\u00e1s empoderado que puedas llegar a ser.<\/p>\n<p><\/p>\n<p>Las lecciones deber\u00edan ser vistas en el siguiente orden:<\/p>\n<p>\u00baLecci\u00f3n 1: Una nueva normalidad <\/p>\n<p>Extra: &#8220;Vivir el duelo por lo que has perdido&#8221; Vivir el duelo por lo que has perdido es importante para poder avanzar en la vida. Te permite expresar la emoci\u00f3n de la pena que te mantiene atascado. Descarga este PDF para realizar un ejercicio breve que te ayudar\u00e1 a comenzar con el proceso de duelo.<\/p>\n<p><\/p>\n<p>\u00baLecci\u00f3n 2: \u00bfQui\u00e9nes somos?<\/p>\n<p><\/p>\n<p>\u00baLecci\u00f3n 3: Nuestra relaci\u00f3n con el pasado<\/p>\n<p><\/p>\n<p>\u00baLecci\u00f3n 4: Dise\u00f1ados para ser extraordinarios<\/p>\n<p><\/p>\n<p>\u00baLecci\u00f3n 5: El lenguaje de la Matriz Divina<\/p>\n<p>Extra: &#8220;El proceso de crear alternativas mejores&#8221;<\/p>\n<p>Esta hoja de ejercicios refleja un proceso que te ayudar\u00e1 a identificar las creencias y los patrones de comportamiento que te gu\u00edan en las relaciones, y te ayudar\u00e1 a crear alternativas nuevas y saludables que sustituyan a aquellos patrones que puedan ser perjudiciales en tu vida.<\/p>\n<p><\/p>\n<p>\u00baLecci\u00f3n 6: Posibilidades cu\u00e1nticas<\/p>\n<p>Extra: &#8220;Las seis verdades para vivir una vida extraordinaria&#8221; Descarga este PDF para obtener un resumen r\u00e1pido de las seis verdades que has aprendido a lo largo de este programa. Recuerda, t\u00fa tienes el poder de crear una existencia extraordinaria. Es posible encontrar soluciones sostenibles a los problemas de la vida cuando comprendes la verdad.<\/p>\n<p><span><\/span><span><\/span><\/p>\n<p>\u00a1Est\u00e1s verdaderamente dise\u00f1ado para ser extraordinario. Solo necesitas reconocerlo y acceder a tu potencial m\u00e1s<\/p>\n<p>elevado!<\/p>\n","protected":false},"excerpt":{"rendered":"<p>Gregg cree que cuanto mejor te conoces a ti mismo, mejor te vuelves a la hora de afrontar cualquier cosa que acontezca en tu vida. Por lo tanto, para entender&hellip;<\/p>\n","protected":false},"featured_media":20177,"comment_status":"open","ping_status":"closed","template":"","meta":[],"product_brand":[],"product_cat":[328,331,322],"product_tag":[],"class_list":{"0":"post-20176","1":"product","2":"type-product","3":"status-publish","4":"has-post-thumbnail","6":"product_cat-desarrollo-personal","7":"product_cat-desarrollo-profesional","8":"product_cat-videocurso","10":"first","11":"instock","12":"taxable","13":"shipping-taxable","14":"purchasable","15":"product-type-simple"},"jetpack_sharing_enabled":true,"_links":{"self":[{"href":"https:\/\/uranolearning.com\/index.php?rest_route=\/wp\/v2\/product\/20176","targetHints":{"allow":["GET"]}}],"collection":[{"href":"https:\/\/uranolearning.com\/index.php?rest_route=\/wp\/v2\/product"}],"about":[{"href":"https:\/\/uranolearning.com\/index.php?rest_route=\/wp\/v2\/types\/product"}],"replies":[{"embeddable":true,"href":"https:\/\/uranolearning.com\/index.php?rest_route=%2Fwp%2Fv2%2Fcomments&post=20176"}],"wp:featuredmedia":[{"embeddable":true,"href":"https:\/\/uranolearning.com\/index.php?rest_route=\/wp\/v2\/media\/20177"}],"wp:attachment":[{"href":"https:\/\/uranolearning.com\/index.php?rest_route=%2Fwp%2Fv2%2Fmedia&parent=20176"}],"wp:term":[{"taxonomy":"product_brand","embeddable":true,"href":"https:\/\/uranolearning.com\/index.php?rest_route=%2Fwp%2Fv2%2Fproduct_brand&post=20176"},{"taxonomy":"product_cat","embeddable":true,"href":"https:\/\/uranolearning.com\/index.php?rest_route=%2Fwp%2Fv2%2Fproduct_cat&post=20176"},{"taxonomy":"product_tag","embeddable":true,"href":"https:\/\/uranolearning.com\/index.php?rest_route=%2Fwp%2Fv2%2Fproduct_tag&post=20176"}],"curies":[{"name":"wp","href":"https:\/\/api.w.org\/{rel}","templated":true}]}}