{"id":20170,"date":"2020-05-10T00:00:00","date_gmt":"2020-05-09T22:00:00","guid":{"rendered":"https:\/\/uranolearning.com\/producto\/los-7-pasos-de-marketing-y-ventas-para-triunfar-en-los-negocios-1\/"},"modified":"2025-08-09T11:06:03","modified_gmt":"2025-08-09T09:06:03","slug":"los-7-pasos-de-marketing-y-ventas-para-triunfar-en-los-negocios-1","status":"publish","type":"product","link":"https:\/\/uranolearning.com\/?product=los-7-pasos-de-marketing-y-ventas-para-triunfar-en-los-negocios-1","title":{"rendered":"Los 7 pasos de Marketing y Ventas para Triunfar en los Negocios"},"content":{"rendered":"<p>El CURSO consta de 8 lecciones (v\u00eddeos), de entre 6 y 9 minutos cada una:<\/p>\n<ol start=\"1\" type=\"1\">\n<li class=\"MsoListParagraph\">DEFINIENDO EL MERCADO OBJETIVO<\/li>\n<\/ol>\n<p class=\"MsoNormal\">\n<ol start=\"2\" type=\"1\">\n<li class=\"MsoListParagraph\">SEGMENTACI\u00d3N DEL MERCADO OBJETIVO<\/li>\n<\/ol>\n<p class=\"MsoNormal\">\n<ol start=\"3\" type=\"1\">\n<li class=\"MsoListParagraph\">ESTRATEGIA: RUMBO, POSICIONAMIENTO Y VENTAJA COMPETITIVA<\/li>\n<\/ol>\n<p class=\"MsoNormal\">\n<ol start=\"4\" type=\"1\">\n<li class=\"MsoListParagraph\">EL MARKETING MIX<\/li>\n<\/ol>\n<p class=\"MsoNormal\">\n<ol start=\"5\" type=\"1\">\n<li class=\"MsoListParagraph\">\u00bfC\u00d3MO HACER UNA PROPUESTA DE VALOR GANADORA?<\/li>\n<\/ol>\n<p class=\"MsoNormal\">\n<ol start=\"6\" type=\"1\">\n<li class=\"MsoListParagraph\">MARKETING DIGITAL Y VENTA DIGITAL<\/li>\n<\/ol>\n<p class=\"MsoNormal\">\n<ol start=\"7\" type=\"1\">\n<li class=\"MsoListParagraph\">DOS CASOS PR\u00c1CTICOS<\/li>\n<\/ol>\n<p class=\"MsoNormal\">\n<ol start=\"8\" type=\"1\">\n<li class=\"MsoListParagraph\">LOS 7 PASOS PARA TRIUNFAR<\/li>\n<\/ol>\n<p>Adem\u00e1s, incluye un CUESTIONARIO FINAL, de 20 preguntas, que permitir\u00e1 al participante comprobar y valorar su grado de aprendizaje. Se recomienda realizar dicho test final s\u00f3lo tras haber completado los 8 cap\u00edtulos del curso. Orientativamente, consideramos que contestar acertadamente un m\u00ednimo de 15 preguntas es un resultado satisfactorio. En caso contrario, sugerimos revisar conceptos y rehacer el test. Puedes repetir el test tantas veces como desees.<\/p>\n","protected":false},"excerpt":{"rendered":"<p>El CURSO consta de 8 lecciones (v\u00eddeos), de entre 6 y 9 minutos cada una: DEFINIENDO EL MERCADO OBJETIVO SEGMENTACI\u00d3N DEL MERCADO OBJETIVO ESTRATEGIA: RUMBO, POSICIONAMIENTO Y VENTAJA COMPETITIVA EL&hellip;<\/p>\n","protected":false},"featured_media":20171,"comment_status":"open","ping_status":"closed","template":"","meta":[],"product_brand":[],"product_cat":[331,322],"product_tag":[],"class_list":{"0":"post-20170","1":"product","2":"type-product","3":"status-publish","4":"has-post-thumbnail","6":"product_cat-desarrollo-profesional","7":"product_cat-videocurso","9":"first","10":"instock","11":"taxable","12":"shipping-taxable","13":"purchasable","14":"product-type-simple"},"jetpack_sharing_enabled":true,"_links":{"self":[{"href":"https:\/\/uranolearning.com\/index.php?rest_route=\/wp\/v2\/product\/20170","targetHints":{"allow":["GET"]}}],"collection":[{"href":"https:\/\/uranolearning.com\/index.php?rest_route=\/wp\/v2\/product"}],"about":[{"href":"https:\/\/uranolearning.com\/index.php?rest_route=\/wp\/v2\/types\/product"}],"replies":[{"embeddable":true,"href":"https:\/\/uranolearning.com\/index.php?rest_route=%2Fwp%2Fv2%2Fcomments&post=20170"}],"wp:featuredmedia":[{"embeddable":true,"href":"https:\/\/uranolearning.com\/index.php?rest_route=\/wp\/v2\/media\/20171"}],"wp:attachment":[{"href":"https:\/\/uranolearning.com\/index.php?rest_route=%2Fwp%2Fv2%2Fmedia&parent=20170"}],"wp:term":[{"taxonomy":"product_brand","embeddable":true,"href":"https:\/\/uranolearning.com\/index.php?rest_route=%2Fwp%2Fv2%2Fproduct_brand&post=20170"},{"taxonomy":"product_cat","embeddable":true,"href":"https:\/\/uranolearning.com\/index.php?rest_route=%2Fwp%2Fv2%2Fproduct_cat&post=20170"},{"taxonomy":"product_tag","embeddable":true,"href":"https:\/\/uranolearning.com\/index.php?rest_route=%2Fwp%2Fv2%2Fproduct_tag&post=20170"}],"curies":[{"name":"wp","href":"https:\/\/api.w.org\/{rel}","templated":true}]}}