{"id":20167,"date":"1970-01-01T00:00:00","date_gmt":"1969-12-31T23:00:00","guid":{"rendered":"https:\/\/uranolearning.com\/producto\/xxx-2\/"},"modified":"2026-04-02T20:39:52","modified_gmt":"2026-04-02T18:39:52","slug":"xxx-2","status":"publish","type":"product","link":"https:\/\/uranolearning.com\/?product=xxx-2","title":{"rendered":"Tu Eres Tu Propio Cambio"},"content":{"rendered":"<p>La sabidur\u00eda tolteca fue conservada y<br \/>\ntransmitida de una generaci\u00f3n a otra por distintos linajes de naguales y surge<br \/>\nde la misma unidad esencial de la verdad de la que parten todas las tradiciones<br \/>\nsagradas del mundo. Aunque no es una religi\u00f3n, respeta a todos los maestros<br \/>\nespirituales que han ense\u00f1ado en la tierra, y si bien abraza el esp\u00edritu,<br \/>\nresulta m\u00e1s preciso describirlo como una manera de vivir que se distingue por<br \/>\nsu f\u00e1cil acceso a la felicidad y el amor.<\/p>\n<p class=\"MsoNormal\">\n<p>Hace miles de a\u00f1os los toltecas eran conocidos en todo el<br \/>\nsur de M\u00e9xico como \u00abmujeres y hombres de conocimiento\u00bb. Los antrop\u00f3logos han<br \/>\ndefinido a los toltecas como una naci\u00f3n o una raza, pero, de hecho, eran<br \/>\ncient\u00edficos y artistas que formaron una sociedad para estudiar y conservar el<br \/>\nconocimiento espiritual y las pr\u00e1cticas de sus antepasados. La conquista<br \/>\neuropea, unida a un agresivo abuso del poder personal por parte de algunos<br \/>\naprendices toltecas, hizo que los naguales se vieran forzados a esconder su<br \/>\nsabidur\u00eda ancestral y a mantener su existencia en la oscuridad. Por fortuna, el<br \/>\nconocimiento fue conservado y transmitido de una generaci\u00f3n a otra por<br \/>\ndistintos linajes.<\/p>\n<p class=\"MsoNormal\">\n<p>Ahora, el doctor Miguel Ruiz, un nagual del<br \/>\nlinaje de los Guerreros del \u00c1guila, comparte con nosotros sus profundas<br \/>\nense\u00f1anzas. <a name=\"_Hlk45706244\">Nos revelar\u00e1 c\u00f3mo el proceso de nuestra<br \/>\neducaci\u00f3n o &#8220;domesticaci\u00f3n&#8221; puede hacernos olvidar la sabidur\u00eda con<br \/>\nla que nacimos, ya que a lo largo de nuestras vidas hacemos muchos acuerdos que<br \/>\nvan en contra de nosotros mismos y nos crean un sufrimiento innecesario. Estas<br \/>\nense\u00f1anzas nos ayudan a romper estos acuerdos autolimitados y reemplazarlos por<br \/>\nacuerdos que nos brinden libertad personal, felicidad y amor.<\/a><\/p>\n<p class=\"MsoNormal\">\n<p><a name=\"_Hlk45706244\">&#8220;No hay raz\u00f3n para sufrir. La \u00fanica raz\u00f3n por la que<br \/>\nsufres es porque t\u00fa as\u00ed lo eliges. Si observas tu vida encontrar\u00e1s muchas<br \/>\nexcusas para sufrir, pero ninguna raz\u00f3n v\u00e1lida. Lo mismo es aplicable a la<br \/>\nfelicidad. La \u00fanica raz\u00f3n por la que eres feliz es porque t\u00fa decides ser feliz.<br \/>\nLa felicidad es una elecci\u00f3n, como tambi\u00e9n lo es el sufrimiento.&#8221;<br \/><\/a><\/p>\n<p class=\"MsoNormal\"><a name=\"_Hlk45706244\"><\/a><\/p>\n","protected":false},"excerpt":{"rendered":"<p>La sabidur\u00eda tolteca fue conservada y transmitida de una generaci\u00f3n a otra por distintos linajes de naguales y surge de la misma unidad esencial de la verdad de la que&hellip;<\/p>\n","protected":false},"featured_media":20169,"comment_status":"open","ping_status":"closed","template":"","meta":[],"product_brand":[],"product_cat":[328,334,322],"product_tag":[],"class_list":{"0":"post-20167","1":"product","2":"type-product","3":"status-publish","4":"has-post-thumbnail","6":"product_cat-desarrollo-personal","7":"product_cat-espiritualidad","8":"product_cat-videocurso","10":"first","11":"instock","12":"taxable","13":"shipping-taxable","14":"purchasable","15":"product-type-simple"},"jetpack_sharing_enabled":true,"_links":{"self":[{"href":"https:\/\/uranolearning.com\/index.php?rest_route=\/wp\/v2\/product\/20167","targetHints":{"allow":["GET"]}}],"collection":[{"href":"https:\/\/uranolearning.com\/index.php?rest_route=\/wp\/v2\/product"}],"about":[{"href":"https:\/\/uranolearning.com\/index.php?rest_route=\/wp\/v2\/types\/product"}],"replies":[{"embeddable":true,"href":"https:\/\/uranolearning.com\/index.php?rest_route=%2Fwp%2Fv2%2Fcomments&post=20167"}],"wp:featuredmedia":[{"embeddable":true,"href":"https:\/\/uranolearning.com\/index.php?rest_route=\/wp\/v2\/media\/20169"}],"wp:attachment":[{"href":"https:\/\/uranolearning.com\/index.php?rest_route=%2Fwp%2Fv2%2Fmedia&parent=20167"}],"wp:term":[{"taxonomy":"product_brand","embeddable":true,"href":"https:\/\/uranolearning.com\/index.php?rest_route=%2Fwp%2Fv2%2Fproduct_brand&post=20167"},{"taxonomy":"product_cat","embeddable":true,"href":"https:\/\/uranolearning.com\/index.php?rest_route=%2Fwp%2Fv2%2Fproduct_cat&post=20167"},{"taxonomy":"product_tag","embeddable":true,"href":"https:\/\/uranolearning.com\/index.php?rest_route=%2Fwp%2Fv2%2Fproduct_tag&post=20167"}],"curies":[{"name":"wp","href":"https:\/\/api.w.org\/{rel}","templated":true}]}}