{"id":20149,"date":"2019-10-12T00:00:00","date_gmt":"2019-10-11T22:00:00","guid":{"rendered":"https:\/\/uranolearning.com\/producto\/cartas-cosmicas-i-elige-las-decisiones-adecuadas-para-ti-alineadas-con-el-universo-introduccion-1\/"},"modified":"2025-05-14T13:34:16","modified_gmt":"2025-05-14T11:34:16","slug":"cartas-cosmicas-i-elige-las-decisiones-adecuadas-para-ti-alineadas-con-el-universo-introduccion-1","status":"publish","type":"product","link":"https:\/\/uranolearning.com\/?product=cartas-cosmicas-i-elige-las-decisiones-adecuadas-para-ti-alineadas-con-el-universo-introduccion-1","title":{"rendered":"CARTAS C\u00d3SMICAS I: &#8220;ELIGE LAS DECISIONES ADECUADAS ALINEADAS CON EL UNIVERSO&#8221;"},"content":{"rendered":"<p>El Curso \u00a8Cartas C\u00f3smicas I&#8221; sirve de introducci\u00f3n al estudio y conocimiento de  esta amable, divertida y seria  herramienta de consulta. La utilizaci\u00f3n de la baraja, con sus 12 casas, 12 signos y 12 planetas, nos permite alinear las preguntas o cuestiones que nos ocupan con la toma de decisiones acertadas en los diferentes desaf\u00edos y encrucijadas, personales o profesionales,  que nos plantea nuestra vida a diario.  Aprenderemos al mismo tiempo sobre nuestras tendencias habituales de b\u00fasquedas de respuesta, traspasando la esclavitud del Ego para conseguir la plenitud del Ser.<\/p>\n<p class=\"MsoNormal\" style=\"font-family: Arial, Helvetica, Verdana, Tahoma, sans-serif\">\n<p><a name=\"_Hlk26443485\">*Este curso es un complemento fundamental del libro Cartas C\u00f3smicas de Editorial Urano cuya adquisici\u00f3n recomendamos vivamente. Contiene las cartas que le permitir\u00e1n practicar los conocimientos adquiridos<\/a><\/p>\n","protected":false},"excerpt":{"rendered":"<p>El Curso \u00a8Cartas C\u00f3smicas I&#8221; sirve de introducci\u00f3n al estudio y conocimiento de esta amable, divertida y seria herramienta de consulta. La utilizaci\u00f3n de la baraja, con sus 12 casas,&hellip;<\/p>\n","protected":false},"featured_media":20150,"comment_status":"open","ping_status":"closed","template":"","meta":[],"product_brand":[],"product_cat":[335,334,322],"product_tag":[],"class_list":{"0":"post-20149","1":"product","2":"type-product","3":"status-publish","4":"has-post-thumbnail","6":"product_cat-esoterismo","7":"product_cat-espiritualidad","8":"product_cat-videocurso","10":"first","11":"instock","12":"taxable","13":"shipping-taxable","14":"purchasable","15":"product-type-simple"},"jetpack_sharing_enabled":true,"_links":{"self":[{"href":"https:\/\/uranolearning.com\/index.php?rest_route=\/wp\/v2\/product\/20149","targetHints":{"allow":["GET"]}}],"collection":[{"href":"https:\/\/uranolearning.com\/index.php?rest_route=\/wp\/v2\/product"}],"about":[{"href":"https:\/\/uranolearning.com\/index.php?rest_route=\/wp\/v2\/types\/product"}],"replies":[{"embeddable":true,"href":"https:\/\/uranolearning.com\/index.php?rest_route=%2Fwp%2Fv2%2Fcomments&post=20149"}],"wp:featuredmedia":[{"embeddable":true,"href":"https:\/\/uranolearning.com\/index.php?rest_route=\/wp\/v2\/media\/20150"}],"wp:attachment":[{"href":"https:\/\/uranolearning.com\/index.php?rest_route=%2Fwp%2Fv2%2Fmedia&parent=20149"}],"wp:term":[{"taxonomy":"product_brand","embeddable":true,"href":"https:\/\/uranolearning.com\/index.php?rest_route=%2Fwp%2Fv2%2Fproduct_brand&post=20149"},{"taxonomy":"product_cat","embeddable":true,"href":"https:\/\/uranolearning.com\/index.php?rest_route=%2Fwp%2Fv2%2Fproduct_cat&post=20149"},{"taxonomy":"product_tag","embeddable":true,"href":"https:\/\/uranolearning.com\/index.php?rest_route=%2Fwp%2Fv2%2Fproduct_tag&post=20149"}],"curies":[{"name":"wp","href":"https:\/\/api.w.org\/{rel}","templated":true}]}}